{"id":60,"date":"2014-11-20T17:49:24","date_gmt":"2014-11-20T16:49:24","guid":{"rendered":"http:\/\/dominicainslille.fr\/?page_id=60"},"modified":"2024-06-09T19:35:17","modified_gmt":"2024-06-09T17:35:17","slug":"apostolats","status":"publish","type":"page","link":"https:\/\/dominicainslille.fr\/?page_id=60","title":{"rendered":"Apostolats"},"content":{"rendered":"<p>Port\u00e9s par leur souci de servir l&rsquo;Eglise locale, les fr\u00e8res dominicains de Lille sont engag\u00e9s dans diff\u00e9rentes missions :<\/p>\n<p>Outre leurs investissements sur Internet avec<a href=\"http:\/\/www.retraitedanslaville.org\" target=\"_blank\" rel=\"noopener noreferrer\"> Retraite dans la ville<\/a>, l&rsquo;animation du <a href=\"http:\/\/www.foyersaintdominique.org\/\" target=\"_blank\" rel=\"noopener noreferrer\">foyer Saint Dominique<\/a> accueillant 40 \u00e9tudiants et le developpement du volontariat International Dominicain <a href=\"http:\/\/domandgo.fr\/\" target=\"_blank\" rel=\"noopener noreferrer\">Dom&amp;Go<\/a>, vous retrouverez les fr\u00e8res dans les champs suivants :<\/p>\n<p>Enseignement en philosophie et th\u00e9ologie,<\/p>\n<p>Pr\u00e9dications de retraites,<\/p>\n<p>Aum\u00f4nerie scolaire et \u00e9tudiante (EDHEC) et\u00a0scoutisme,<\/p>\n<p>Minist\u00e8re paroissial et accompagnement de groupes divers (<a title=\"Entrepreneurs et dirigeants chr\u00e9tiens\" href=\"http:\/\/www.lesedc.org\" target=\"_blank\" rel=\"noopener noreferrer\">EDC<\/a>, groupes bibliques)<\/p>\n<p><img loading=\"lazy\" decoding=\"async\" class=\"aligncenter  wp-image-2067\" src=\"https:\/\/dominicainslille.fr\/wp-content\/uploads\/2020\/04\/dominic.jpg\" alt=\"\" width=\"282\" height=\"423\" srcset=\"https:\/\/dominicainslille.fr\/wp-content\/uploads\/2020\/04\/dominic.jpg 683w, https:\/\/dominicainslille.fr\/wp-content\/uploads\/2020\/04\/dominic-200x300.jpg 200w\" sizes=\"auto, (max-width: 282px) 100vw, 282px\" \/><\/p>\n","protected":false},"excerpt":{"rendered":"<p>Port\u00e9s par leur souci de servir l&rsquo;Eglise locale, les fr\u00e8res dominicains de Lille sont engag\u00e9s dans diff\u00e9rentes missions : Outre leurs investissements sur Internet avec Retraite dans la ville, l&rsquo;animation du foyer Saint Dominique accueillant 40 \u00e9tudiants et le developpement du volontariat International Dominicain Dom&amp;Go, vous retrouverez les fr\u00e8res dans les champs suivants : Enseignement&hellip;<\/p>\n","protected":false},"author":1,"featured_media":0,"parent":0,"menu_order":0,"comment_status":"closed","ping_status":"closed","template":"","meta":{"footnotes":""},"class_list":["post-60","page","type-page","status-publish","hentry"],"_links":{"self":[{"href":"https:\/\/dominicainslille.fr\/index.php?rest_route=\/wp\/v2\/pages\/60","targetHints":{"allow":["GET"]}}],"collection":[{"href":"https:\/\/dominicainslille.fr\/index.php?rest_route=\/wp\/v2\/pages"}],"about":[{"href":"https:\/\/dominicainslille.fr\/index.php?rest_route=\/wp\/v2\/types\/page"}],"author":[{"embeddable":true,"href":"https:\/\/dominicainslille.fr\/index.php?rest_route=\/wp\/v2\/users\/1"}],"replies":[{"embeddable":true,"href":"https:\/\/dominicainslille.fr\/index.php?rest_route=%2Fwp%2Fv2%2Fcomments&post=60"}],"version-history":[{"count":6,"href":"https:\/\/dominicainslille.fr\/index.php?rest_route=\/wp\/v2\/pages\/60\/revisions"}],"predecessor-version":[{"id":2239,"href":"https:\/\/dominicainslille.fr\/index.php?rest_route=\/wp\/v2\/pages\/60\/revisions\/2239"}],"wp:attachment":[{"href":"https:\/\/dominicainslille.fr\/index.php?rest_route=%2Fwp%2Fv2%2Fmedia&parent=60"}],"curies":[{"name":"wp","href":"https:\/\/api.w.org\/{rel}","templated":true}]}}